ighest common divisor of r and t?
4
Let b = 64 - 62. Suppose -b*u = 218 - 232. Calculate the greatest common divisor of 7 and u.
7
Let l be (-7 - -2 - -28) + -3. Let m = -1913 - -2253. Calculate the highest common factor of l and m.
20
Let y(x) = -x**3 - 19*x**2 + 41*x - 21. Let f be y(-21). Suppose -3*m + f = -165. Suppose 0 = -4*d + 49 - 5. Calculate the highest common factor of m and d.
11
Let b(k) = -547*k + 3752. Let j be b(5). What is the highest common divisor of j and 36?
9
Let r be 828/(-138)*3*(-2)/2. Calculate the greatest common divisor of r and 264.
6
Suppose 65*d - 22*d - 4515 = 0. Let p(x) = -2*x. Let b be p(3). Let g = 9 - b. Calculate the greatest common divisor of d and g.
15
Suppose 4*m - 9 = 3*p, -3*p + 21 = -3*m + 4*m. Let h = 27 + m. Suppose 20*b - 2*n + 5 = 21*b, -3*b + 21 = 4*n. Calculate the greatest common factor of b and h.
11
Let c = -322 - -340. Let v be (-6)/((4/(-6))/((-2)/(-2))). What is the highest common factor of v and c?
9
Suppose -a - 15 = z, -5*z - 5*a = -10*z - 85. Suppose 9*j = 200 - 11. Let s = j + z. Calculate the greatest common factor of 25 and s.
5
Let d = -364 + 369. Suppose -13 = -s - z + 23, -4*s + 147 = d*z. Calculate the greatest common divisor of 132 and s.
33
Let r(z) = -z**3 - 27*z**2 + 51*z - 42. Let h be r(-28). Let b = -623 - h. What is the greatest common factor of 273 and b?
21
Let k(h) = -135*h**2 - 1. Let n be k(-1). Suppose 3*q - 1071 + 357 = 3*o, 3 = -o. Let b = n + q. Calculate the greatest common factor of 11 and b.
11
Let q(x) = -6*x - 42. Let o be q(-7). Suppose 0 = 3*z - o*z - 294. Let r be -7*4*4/(-8). Calculate the greatest common factor of z and r.
14
Let u = 14 - 13. Let r(a) = 145*a**3 - 3*a**2 + 2. Let j be r(u). What is the highest common divisor of 9 and j?
9
Suppose -6*x = -7*x. Suppose -2*a + x*a + 16 = 0. Suppose -j + 8 = -3*y, -4*j - 10*y + 6*y = 0. What is the highest common divisor of j and a?
2
Let q = 0 + 0. Let z(l) = l**2 + l + 8. Let b be z(q). Let i(t) = 458*t - 2202. Let s be i(5). What is the highest common factor of b and s?
8
Let j = -5343 + 7359. What is the highest common divisor of j and 315?
63
Suppose 10*i + 10*i - 10*i = 0. Suppose i = -l - 0*c + 2*c + 92, -3*c = -2*l + 181. What is the greatest common divisor of 2 and l?
2
Let h(u) = 3*u**2 - 173*u + 1668. Let s be h(12). What is the greatest common divisor of s and 15300?
12
Let k(y) = 6543*y + 2828. Let v be k(4). Calculate the greatest common divisor of v and 300.
100
Suppose -78 = -2*x + 3*t, 0*t + 123 = 3*x - 3*t. What is the greatest common factor of 7245 and x?
45
Let x = 16701 - 16414. What is the greatest common factor of x and 19229?
287
Suppose -109 = 6*c - 109. Suppose c = -21*y + 507 - 129. Calculate the greatest common divisor of 207 and y.
9
Let y(p) = -39*p - 18. Let r(b) = -2*b - 1. Let c(i) = -4*r(i) + y(i). Let j be c(-14). What is the greatest common divisor of j and 60?
60
Suppose -45*b = -47*b + 6. Suppose 0 = 3*z, -5 = -b*x - 2*x - 3*z. Calculate the highest common factor of x and 23.
1
Suppose 16*y + 959 = 18*y + 3*l, 3*y + 5*l = 1441. Calculate the greatest common factor of 885 and y.
59
Let a = 197 + -107. Let m = a - 85. Suppose -3 = 4*w + m, 28 = 2*y - 5*w. What is the highest common factor of 63 and y?
9
Suppose 0 = -0*s - 5*s - 4*w + 81, 3*w + 40 = 4*s. Let n = 58550 + -58524. Calculate the highest common factor of s and n.
13
Let w = 606 - -6630. What is the highest common divisor of 324 and w?
108
Let v = 46127 - 46121. Suppose 4*w + 337 = 3*p, 4*w = 6 + 2. Suppose -5*l + 455 = -p. What is the highest common divisor of v and l?
6
Let q = 1982 + -1979. Suppose q*i + 23 = 4*p - 2*i, 0 = -4*i + 20. Let o = 12 - -4. Calculate the greatest common divisor of p and o.
4
Suppose 71 = 3*o + 537*h - 541*h, 4*h + 19 = -o. Calculate the greatest common factor of o and 11167.
13
Let l be 22 + 1172 + (0 - 2). Suppose -5 + 9 = -k, -3*a - 2*k = -l. What is the greatest common factor of a and 64?
16
Let y = 189 + -183. Suppose -16 + 400 = y*c. Calculate the highest common divisor of c and 80.
16
Suppose 4*q + 1078 = 2*v, 3*v - 1492 - 155 = -4*q. Suppose v = -8*f + 913. Calculate the greatest common divisor of f and 713.
23
Suppose 15 + 65 = 4*b. Let j be 16926/682 + -3*6/22 + 1. Calculate the highest common factor of b and j.
5
Let t = 1377 + -1231. Calculate the greatest common factor of 4307 and t.
73
Let k be (-6)/66*66/(-12)*78. What is the greatest common divisor of 51 and k?
3
Suppose g + 4 = 3. Let z = g - -353. What is the highest common divisor of 11 and z?
11
Suppose 108*g - 720 = 93*g. Calculate the highest common factor of g and 4764.
12
Let d = 12 + -4. Let a(f) = 2*f + 50. Let c be a(-5). Suppose 9*h = 10*h - c. Calculate the highest common divisor of d and h.
8
Let d be 2/8 + 142/8. Let k = 235247 - 235157. Calculate the greatest common divisor of k and d.
18
Suppose 0 = -5*f - 7*a + 4*a + 8008, -5*f + a + 7984 = 0. Calculate the highest common factor of f and 141.
47
Let f = 29062 - 29061. Let k be 6/(-10) - 2/5. Let s be 1*3 - (1 - k). What is the highest common divisor of f and s?
1
Let g = 163 - 159. Suppose -170 = -g*i - 2*q, 0*i = -4*i + q + 161. Calculate the greatest common divisor of 123 and i.
41
Let f be 60 + -74 + (-237)/(-3). What is the highest common factor of 1079 and f?
13
Let k be (-5 - 20/10) + (-1048)/(-8). What is the highest common divisor of k and 403?
31
Suppose 12*x - 13176 = 88*x - 36888. Calculate the greatest common factor of x and 128.
8
Let n(d) = 8*d + d**2 - 8 + 5 - 8 - 4. Let t be n(-9). Let q be (3/t)/((-3)/78). What is the highest common divisor of q and 13?
13
Suppose 5*x = 7*x - 3*f - 5, 5*f = 4*x - 7. Let j be (x/5)/(7567/(-840) - -9). Let s = -8 - -14. What is the greatest common divisor of j and s?
6
Let d(n) = 2*n**3 - 3*n**2 - 3*n + 2. Let o be d(-3). Let m be (-2 - -64)*(5 + (-5 - 2)). Let j = o - m. Calculate the greatest common factor of 6 and j.
6
Let h = 29212 + -9709. What is the greatest common divisor of 33 and h?
33
Let z be (-1)/(-4) + 77/(-4). Let h = 51 + z. Let o(i) = 3*i - 17. Let k be o(11). What is the highest common divisor of k and h?
16
Let h = -63 + 66. Suppose 3*q - 2*m - 15 = 0, q + h*q - 5*m = 13. Suppose 10*r = q*r + 81. What is the greatest common divisor of 3 and r?
3
Suppose 2*r - 894 = 2*k - 7*k, r + 5*k = 437. Suppose 4*p = 9*p + 5*f - 2240, -4*f + r = p. What is the greatest common divisor of p and 178?
89
Suppose -5*r + 5*l + 150 = 0, -7*r + 11*r - 66 = -5*l. Let g be 141/(-9) - 2/6. Let h = r + g. Calculate the greatest common divisor of h and 12.
4
Let i(o) = -6*o**2 + 33*o - 5. Let l be i(5). Let d be 756/l + 20/50. Calculate the highest common divisor of 133 and d.
19
Suppose 3*h - 2*c + 3*c = 702, 1181 = 5*h - 2*c. Let i be (h - -3)/7 - -4. What is the highest common divisor of 190 and i?
38
Suppose -h = -2*k - 250, 5*h = 2*k + 1275 - 65. Calculate the highest common factor of h and 464.
16
Let a be 6/(-15)*-1*275. Suppose 0 = 2*y - 13 + 7. Suppose -5*w + 46 + 49 = y*d, -2*w = d - 39. What is the highest common factor of a and w?
22
Suppose 2501*v - 2488*v - 25376 = 0. Calculate the highest common divisor of v and 183.
61
Suppose 0 = -2*z + u + 46, 0 = 2*z - u + 4*u - 54. Suppose -28*j = -38*j + 30. Let g be ((-8)/j)/((-17)/102). What is the highest common divisor of z and g?
8
Let v = 48 - 33. Suppose -5*s + 3*s + 264 = 0. Let o be (-2)/8 - (-9933)/s. Calculate the highest common divisor of o and v.
15
Suppose 0 = 2*x - x - 1. Let g be -1*(-10 + -4)/7. Suppose 0 = 8*i - 4*i - 5*c - 45, -g*c - 10 = 0. Calculate the highest common divisor of x and i.
1
Let c = 22799 + -11878. What is the highest common factor of 134 and c?
67
Let n be 96/40*((-385)/(-10) - -4). What is the greatest common factor of 138 and n?
6
Let a(m) = 2*m**2 + 9*m - 18. Let s be a(8). Let k = 257 - s. Let o = k - 55. What is the greatest common factor of o and 40?
20
Suppose 12 = -13*a + 19*a. Suppose -3*d = -a*u - 140, -d + u + 136 = 2*d. What is the highest common divisor of d and 308?
44
Let h = -53 + 55. Suppose -h*b - 339 = -5*o, 12 = b + 3*o + 187. Let x = -52 - b. What is the highest common factor of x and 48?
24
Let c(n) = 24763*n**3 + 2*n**2 - 150*n + 149. Let m be c(1). What is the highest common factor of 